
{"id":21701,"date":"2025-04-22T09:27:33","date_gmt":"2025-04-22T09:27:33","guid":{"rendered":"http:\/\/chaletsuizo.co\/alquilersuizo\/?page_id=21701"},"modified":"2025-04-22T09:38:34","modified_gmt":"2025-04-22T09:38:34","slug":"decoraciones","status":"publish","type":"page","link":"https:\/\/chaletsuizo.co\/alquilersuizo\/decoraciones\/","title":{"rendered":"DECORACIONES"},"content":{"rendered":"\t\t<div data-elementor-type=\"wp-page\" data-elementor-id=\"21701\" class=\"elementor elementor-21701\">\n\t\t\t\t\t\t<section class=\"elementor-section elementor-top-section elementor-element elementor-element-c1db89f elementor-section-boxed elementor-section-height-default elementor-section-height-default sc_fly_static\" data-id=\"c1db89f\" data-element_type=\"section\" data-e-type=\"section\" data-settings=\"{&quot;background_background&quot;:&quot;classic&quot;}\">\n\t\t\t\t\t\t<div class=\"elementor-container elementor-column-gap-extended\">\n\t\t\t\t\t<div class=\"elementor-column elementor-col-100 elementor-top-column elementor-element elementor-element-bb8cdbe sc_content_align_inherit sc_layouts_column_icons_position_left sc_fly_static\" data-id=\"bb8cdbe\" data-element_type=\"column\" data-e-type=\"column\">\n\t\t\t<div class=\"elementor-widget-wrap\">\n\t\t\t\t\t\t\t<\/div>\n\t\t<\/div>\n\t\t\t\t\t<\/div>\n\t\t<\/section>\n\t\t\t\t<section class=\"elementor-section elementor-top-section elementor-element elementor-element-6d107ee elementor-section-full_width scheme_dark elementor-section-height-default elementor-section-height-default sc_fly_static\" data-id=\"6d107ee\" data-element_type=\"section\" data-e-type=\"section\" data-settings=\"{&quot;background_background&quot;:&quot;classic&quot;}\">\n\t\t\t\t\t\t<div class=\"elementor-container elementor-column-gap-no\">\n\t\t\t\t\t<div class=\"elementor-column elementor-col-100 elementor-top-column elementor-element elementor-element-d208cdf sc_content_align_inherit sc_layouts_column_icons_position_left sc_fly_static\" data-id=\"d208cdf\" data-element_type=\"column\" data-e-type=\"column\">\n\t\t\t<div class=\"elementor-widget-wrap elementor-element-populated\">\n\t\t\t\t\t\t<div class=\"elementor-element elementor-element-cd13fce sc_height_huge sc_fly_static elementor-widget elementor-widget-spacer\" data-id=\"cd13fce\" data-element_type=\"widget\" data-e-type=\"widget\" data-widget_type=\"spacer.default\">\n\t\t\t\t<div class=\"elementor-widget-container\">\n\t\t\t\t\t\t\t<div class=\"elementor-spacer\">\n\t\t\t<div class=\"elementor-spacer-inner\"><\/div>\n\t\t<\/div>\n\t\t\t\t\t\t<\/div>\n\t\t\t\t<\/div>\n\t\t\t\t<section class=\"elementor-section elementor-inner-section elementor-element elementor-element-60fe32f elementor-section-boxed elementor-section-height-default elementor-section-height-default sc_fly_static\" data-id=\"60fe32f\" data-element_type=\"section\" data-e-type=\"section\">\n\t\t\t\t\t\t<div class=\"elementor-container elementor-column-gap-extended\">\n\t\t\t\t\t<div class=\"elementor-column elementor-col-100 elementor-inner-column elementor-element elementor-element-9d50ecb sc_content_align_inherit sc_layouts_column_icons_position_left sc_fly_static\" data-id=\"9d50ecb\" data-element_type=\"column\" data-e-type=\"column\">\n\t\t\t<div class=\"elementor-widget-wrap elementor-element-populated\">\n\t\t\t\t\t\t<div class=\"elementor-element elementor-element-1f93082 sc_fly_static elementor-widget elementor-widget-trx_sc_title\" data-id=\"1f93082\" data-element_type=\"widget\" data-e-type=\"widget\" data-widget_type=\"trx_sc_title.default\">\n\t\t\t\t<div class=\"elementor-widget-container\">\n\t\t\t\t\t<div\t\tclass=\"sc_title sc_title_default\" ><h1 class=\"sc_item_title sc_title_title sc_item_title_style_default sc_item_title_tag\"\r\n\t\t\t><span class=\"sc_item_title_text\">Decoraci\u00f3n<\/span><\/h1><div class=\"sc_item_descr sc_title_descr\"><p>Decoraci\u00f3n<br \/>\nLa decoraci\u00f3n es fundamental para crear la atm\u00f3sfera perfecta en cualquier evento. Nuestro servicio de decoraci\u00f3n de interiores y exteriores con velos, luces y flores est\u00e1 dise\u00f1ado para transformar tus espacios en escenarios de ensue\u00f1o, a\u00f1adiendo un toque de elegancia y magia a cada rinc\u00f3n de tu celebraci\u00f3n.<\/p>\n<\/div><\/div>\t\t\t\t<\/div>\n\t\t\t\t<\/div>\n\t\t\t\t\t<\/div>\n\t\t<\/div>\n\t\t\t\t\t<\/div>\n\t\t<\/section>\n\t\t\t\t<div class=\"elementor-element elementor-element-5729480 sc_height_huge sc_fly_static elementor-widget elementor-widget-spacer\" data-id=\"5729480\" data-element_type=\"widget\" data-e-type=\"widget\" data-widget_type=\"spacer.default\">\n\t\t\t\t<div class=\"elementor-widget-container\">\n\t\t\t\t\t\t\t<div class=\"elementor-spacer\">\n\t\t\t<div class=\"elementor-spacer-inner\"><\/div>\n\t\t<\/div>\n\t\t\t\t\t\t<\/div>\n\t\t\t\t<\/div>\n\t\t\t\t<section class=\"elementor-section elementor-inner-section elementor-element elementor-element-9344fee elementor-section-boxed elementor-section-height-default elementor-section-height-default sc_fly_static\" data-id=\"9344fee\" data-element_type=\"section\" data-e-type=\"section\">\n\t\t\t\t\t\t<div class=\"elementor-container elementor-column-gap-extended\">\n\t\t\t\t\t<div class=\"elementor-column elementor-col-33 elementor-inner-column elementor-element elementor-element-d1173eb sc_content_align_inherit sc_layouts_column_icons_position_left sc_fly_static\" data-id=\"d1173eb\" data-element_type=\"column\" data-e-type=\"column\">\n\t\t\t<div class=\"elementor-widget-wrap elementor-element-populated\">\n\t\t\t\t\t\t<div class=\"elementor-element elementor-element-7882d14 sc_fly_static elementor-widget elementor-widget-image\" data-id=\"7882d14\" data-element_type=\"widget\" data-e-type=\"widget\" data-widget_type=\"image.default\">\n\t\t\t\t<div class=\"elementor-widget-container\">\n\t\t\t\t\t\t\t\t\t\t\t\t\t\t\t<img fetchpriority=\"high\" decoding=\"async\" width=\"350\" height=\"350\" src=\"https:\/\/chaletsuizo.co\/alquilersuizo\/wp-content\/uploads\/sites\/7\/2025\/04\/dec3.jpg\" class=\"attachment-large size-large wp-image-21705\" alt=\"\" srcset=\"https:\/\/chaletsuizo.co\/alquilersuizo\/wp-content\/uploads\/sites\/7\/2025\/04\/dec3.jpg 350w, https:\/\/chaletsuizo.co\/alquilersuizo\/wp-content\/uploads\/sites\/7\/2025\/04\/dec3-300x300.jpg 300w, https:\/\/chaletsuizo.co\/alquilersuizo\/wp-content\/uploads\/sites\/7\/2025\/04\/dec3-150x150.jpg 150w, https:\/\/chaletsuizo.co\/alquilersuizo\/wp-content\/uploads\/sites\/7\/2025\/04\/dec3-120x120.jpg 120w\" sizes=\"(max-width: 600px) 100vw, 350px\" \/>\t\t\t\t\t\t\t\t\t\t\t\t\t\t\t<\/div>\n\t\t\t\t<\/div>\n\t\t\t\t\t<\/div>\n\t\t<\/div>\n\t\t\t\t<div class=\"elementor-column elementor-col-33 elementor-inner-column elementor-element elementor-element-f366eab sc_content_align_inherit sc_layouts_column_icons_position_left sc_fly_static\" data-id=\"f366eab\" data-element_type=\"column\" data-e-type=\"column\">\n\t\t\t<div class=\"elementor-widget-wrap elementor-element-populated\">\n\t\t\t\t\t\t<div class=\"elementor-element elementor-element-687f861 sc_fly_static elementor-widget elementor-widget-image\" data-id=\"687f861\" data-element_type=\"widget\" data-e-type=\"widget\" data-widget_type=\"image.default\">\n\t\t\t\t<div class=\"elementor-widget-container\">\n\t\t\t\t\t\t\t\t\t\t\t\t\t\t\t<img decoding=\"async\" width=\"350\" height=\"350\" src=\"https:\/\/chaletsuizo.co\/alquilersuizo\/wp-content\/uploads\/sites\/7\/2025\/04\/dec2.jpg\" class=\"attachment-large size-large wp-image-21704\" alt=\"\" srcset=\"https:\/\/chaletsuizo.co\/alquilersuizo\/wp-content\/uploads\/sites\/7\/2025\/04\/dec2.jpg 350w, https:\/\/chaletsuizo.co\/alquilersuizo\/wp-content\/uploads\/sites\/7\/2025\/04\/dec2-300x300.jpg 300w, https:\/\/chaletsuizo.co\/alquilersuizo\/wp-content\/uploads\/sites\/7\/2025\/04\/dec2-150x150.jpg 150w, https:\/\/chaletsuizo.co\/alquilersuizo\/wp-content\/uploads\/sites\/7\/2025\/04\/dec2-120x120.jpg 120w\" sizes=\"(max-width: 600px) 100vw, 350px\" \/>\t\t\t\t\t\t\t\t\t\t\t\t\t\t\t<\/div>\n\t\t\t\t<\/div>\n\t\t\t\t\t<\/div>\n\t\t<\/div>\n\t\t\t\t<div class=\"elementor-column elementor-col-33 elementor-inner-column elementor-element elementor-element-7420d5a sc_content_align_inherit sc_layouts_column_icons_position_left sc_fly_static\" data-id=\"7420d5a\" data-element_type=\"column\" data-e-type=\"column\">\n\t\t\t<div class=\"elementor-widget-wrap elementor-element-populated\">\n\t\t\t\t\t\t<div class=\"elementor-element elementor-element-877abc5 sc_fly_static elementor-widget elementor-widget-image\" data-id=\"877abc5\" data-element_type=\"widget\" data-e-type=\"widget\" data-widget_type=\"image.default\">\n\t\t\t\t<div class=\"elementor-widget-container\">\n\t\t\t\t\t\t\t\t\t\t\t\t\t\t\t<img decoding=\"async\" width=\"350\" height=\"350\" src=\"https:\/\/chaletsuizo.co\/alquilersuizo\/wp-content\/uploads\/sites\/7\/2025\/04\/dec1.jpg\" class=\"attachment-large size-large wp-image-21703\" alt=\"\" srcset=\"https:\/\/chaletsuizo.co\/alquilersuizo\/wp-content\/uploads\/sites\/7\/2025\/04\/dec1.jpg 350w, https:\/\/chaletsuizo.co\/alquilersuizo\/wp-content\/uploads\/sites\/7\/2025\/04\/dec1-300x300.jpg 300w, https:\/\/chaletsuizo.co\/alquilersuizo\/wp-content\/uploads\/sites\/7\/2025\/04\/dec1-150x150.jpg 150w, https:\/\/chaletsuizo.co\/alquilersuizo\/wp-content\/uploads\/sites\/7\/2025\/04\/dec1-120x120.jpg 120w\" sizes=\"(max-width: 600px) 100vw, 350px\" \/>\t\t\t\t\t\t\t\t\t\t\t\t\t\t\t<\/div>\n\t\t\t\t<\/div>\n\t\t\t\t\t<\/div>\n\t\t<\/div>\n\t\t\t\t\t<\/div>\n\t\t<\/section>\n\t\t\t\t<div class=\"elementor-element elementor-element-cdabfe3 sc_height_huge sc_fly_static elementor-widget elementor-widget-spacer\" data-id=\"cdabfe3\" data-element_type=\"widget\" data-e-type=\"widget\" data-widget_type=\"spacer.default\">\n\t\t\t\t<div class=\"elementor-widget-container\">\n\t\t\t\t\t\t\t<div class=\"elementor-spacer\">\n\t\t\t<div class=\"elementor-spacer-inner\"><\/div>\n\t\t<\/div>\n\t\t\t\t\t\t<\/div>\n\t\t\t\t<\/div>\n\t\t\t\t\t<\/div>\n\t\t<\/div>\n\t\t\t\t\t<\/div>\n\t\t<\/section>\n\t\t\t\t<section class=\"elementor-section elementor-top-section elementor-element elementor-element-075fa00 elementor-section-full_width elementor-section-height-default elementor-section-height-default sc_fly_static\" data-id=\"075fa00\" data-element_type=\"section\" data-e-type=\"section\">\n\t\t\t\t\t\t<div class=\"elementor-container elementor-column-gap-no\">\n\t\t\t\t\t<div class=\"elementor-column elementor-col-100 elementor-top-column elementor-element elementor-element-3ad3273 sc_content_align_inherit sc_layouts_column_icons_position_left sc_fly_static\" data-id=\"3ad3273\" data-element_type=\"column\" data-e-type=\"column\">\n\t\t\t<div class=\"elementor-widget-wrap elementor-element-populated\">\n\t\t\t\t\t\t<div class=\"elementor-element elementor-element-748ac49 sc_height_huge sc_fly_static elementor-widget elementor-widget-spacer\" data-id=\"748ac49\" data-element_type=\"widget\" data-e-type=\"widget\" data-widget_type=\"spacer.default\">\n\t\t\t\t<div class=\"elementor-widget-container\">\n\t\t\t\t\t\t\t<div class=\"elementor-spacer\">\n\t\t\t<div class=\"elementor-spacer-inner\"><\/div>\n\t\t<\/div>\n\t\t\t\t\t\t<\/div>\n\t\t\t\t<\/div>\n\t\t\t\t<section class=\"elementor-section elementor-inner-section elementor-element elementor-element-a78c7bd elementor-section-content-middle elementor-section-boxed elementor-section-height-default elementor-section-height-default sc_fly_static\" data-id=\"a78c7bd\" data-element_type=\"section\" data-e-type=\"section\">\n\t\t\t\t\t\t<div class=\"elementor-container elementor-column-gap-extended\">\n\t\t\t\t\t<div class=\"elementor-column elementor-col-50 elementor-inner-column elementor-element elementor-element-6cd9417 sc_content_align_inherit sc_layouts_column_icons_position_left sc_fly_static\" data-id=\"6cd9417\" data-element_type=\"column\" data-e-type=\"column\">\n\t\t\t<div class=\"elementor-widget-wrap elementor-element-populated\">\n\t\t\t\t\t\t<div class=\"elementor-element elementor-element-7110c68 sc_fly_static elementor-widget elementor-widget-spacer\" data-id=\"7110c68\" data-element_type=\"widget\" data-e-type=\"widget\" data-widget_type=\"spacer.default\">\n\t\t\t\t<div class=\"elementor-widget-container\">\n\t\t\t\t\t\t\t<div class=\"elementor-spacer\">\n\t\t\t<div class=\"elementor-spacer-inner\"><\/div>\n\t\t<\/div>\n\t\t\t\t\t\t<\/div>\n\t\t\t\t<\/div>\n\t\t\t\t<div class=\"elementor-element elementor-element-8b5c655 sc_fly_static elementor-widget elementor-widget-trx_sc_title\" data-id=\"8b5c655\" data-element_type=\"widget\" data-e-type=\"widget\" data-widget_type=\"trx_sc_title.default\">\n\t\t\t\t<div class=\"elementor-widget-container\">\n\t\t\t\t\t<div\t\tclass=\"sc_title sc_title_default\" ><h1 class=\"sc_item_title sc_title_title sc_item_title_style_default sc_item_title_tag\"\r\n\t\t\t><span class=\"sc_item_title_text\">Caracter\u00edsticas del servicio<\/span><\/h1><\/div>\t\t\t\t<\/div>\n\t\t\t\t<\/div>\n\t\t\t\t<div class=\"elementor-element elementor-element-ce9e6aa sc_fly_static elementor-widget elementor-widget-spacer\" data-id=\"ce9e6aa\" data-element_type=\"widget\" data-e-type=\"widget\" data-widget_type=\"spacer.default\">\n\t\t\t\t<div class=\"elementor-widget-container\">\n\t\t\t\t\t\t\t<div class=\"elementor-spacer\">\n\t\t\t<div class=\"elementor-spacer-inner\"><\/div>\n\t\t<\/div>\n\t\t\t\t\t\t<\/div>\n\t\t\t\t<\/div>\n\t\t\t\t<div class=\"elementor-element elementor-element-b4d020e sc_fly_static elementor-widget elementor-widget-spacer\" data-id=\"b4d020e\" data-element_type=\"widget\" data-e-type=\"widget\" data-widget_type=\"spacer.default\">\n\t\t\t\t<div class=\"elementor-widget-container\">\n\t\t\t\t\t\t\t<div class=\"elementor-spacer\">\n\t\t\t<div class=\"elementor-spacer-inner\"><\/div>\n\t\t<\/div>\n\t\t\t\t\t\t<\/div>\n\t\t\t\t<\/div>\n\t\t\t\t<div class=\"elementor-element elementor-element-3e63b01 sc_fly_static elementor-widget elementor-widget-text-editor\" data-id=\"3e63b01\" data-element_type=\"widget\" data-e-type=\"widget\" data-widget_type=\"text-editor.default\">\n\t\t\t\t<div class=\"elementor-widget-container\">\n\t\t\t\t\t\t\t\t\t<ul><li>Utilizaci\u00f3n de velos elegantes para crear drapeados sofisticados.<\/li><li>Iluminaci\u00f3n ambiental con luces estrat\u00e9gicamente colocadas.<\/li><li>Decoraci\u00f3n con flores frescas y artificiales personalizadas.<\/li><li>Dise\u00f1os adaptados a la tem\u00e1tica y estilo del evento.<\/li><li>Transformaci\u00f3n de espacios interiores y exteriores con elegancia<\/li><\/ul>\t\t\t\t\t\t\t\t<\/div>\n\t\t\t\t<\/div>\n\t\t\t\t<div class=\"elementor-element elementor-element-56005de sc_fly_static elementor-widget elementor-widget-spacer\" data-id=\"56005de\" data-element_type=\"widget\" data-e-type=\"widget\" data-widget_type=\"spacer.default\">\n\t\t\t\t<div class=\"elementor-widget-container\">\n\t\t\t\t\t\t\t<div class=\"elementor-spacer\">\n\t\t\t<div class=\"elementor-spacer-inner\"><\/div>\n\t\t<\/div>\n\t\t\t\t\t\t<\/div>\n\t\t\t\t<\/div>\n\t\t\t\t\t<\/div>\n\t\t<\/div>\n\t\t\t\t<div class=\"elementor-column elementor-col-50 elementor-inner-column elementor-element elementor-element-f4bafa1 sc_content_align_inherit sc_layouts_column_icons_position_left sc_fly_static\" data-id=\"f4bafa1\" data-element_type=\"column\" data-e-type=\"column\">\n\t\t\t<div class=\"elementor-widget-wrap elementor-element-populated\">\n\t\t\t\t\t\t<div class=\"elementor-element elementor-element-4e9930d sc_fly_static elementor-widget elementor-widget-trx_sc_title\" data-id=\"4e9930d\" data-element_type=\"widget\" data-e-type=\"widget\" data-widget_type=\"trx_sc_title.default\">\n\t\t\t\t<div class=\"elementor-widget-container\">\n\t\t\t\t\t<div\t\tclass=\"sc_title sc_title_default\" ><h1 class=\"sc_item_title sc_title_title sc_item_title_style_default sc_item_title_tag\"\r\n\t\t\t><span class=\"sc_item_title_text\">Beneficios del servicio<\/span><\/h1><\/div>\t\t\t\t<\/div>\n\t\t\t\t<\/div>\n\t\t\t\t<div class=\"elementor-element elementor-element-e48f3f7 sc_fly_static elementor-widget elementor-widget-spacer\" data-id=\"e48f3f7\" data-element_type=\"widget\" data-e-type=\"widget\" data-widget_type=\"spacer.default\">\n\t\t\t\t<div class=\"elementor-widget-container\">\n\t\t\t\t\t\t\t<div class=\"elementor-spacer\">\n\t\t\t<div class=\"elementor-spacer-inner\"><\/div>\n\t\t<\/div>\n\t\t\t\t\t\t<\/div>\n\t\t\t\t<\/div>\n\t\t\t\t<div class=\"elementor-element elementor-element-ddae76c sc_fly_static elementor-widget elementor-widget-spacer\" data-id=\"ddae76c\" data-element_type=\"widget\" data-e-type=\"widget\" data-widget_type=\"spacer.default\">\n\t\t\t\t<div class=\"elementor-widget-container\">\n\t\t\t\t\t\t\t<div class=\"elementor-spacer\">\n\t\t\t<div class=\"elementor-spacer-inner\"><\/div>\n\t\t<\/div>\n\t\t\t\t\t\t<\/div>\n\t\t\t\t<\/div>\n\t\t\t\t<div class=\"elementor-element elementor-element-9b641c9 sc_fly_static elementor-widget elementor-widget-text-editor\" data-id=\"9b641c9\" data-element_type=\"widget\" data-e-type=\"widget\" data-widget_type=\"text-editor.default\">\n\t\t\t\t<div class=\"elementor-widget-container\">\n\t\t\t\t\t\t\t\t\t<ul><li>Transforma cualquier lugar en un escenario de ensue\u00f1o.<\/li><li>Adaptabilidad a diferentes tipos de eventos y ubicaciones.<\/li><li>Utilizaci\u00f3n de materiales de alta calidad y durabilidad.<\/li><li>Gesti\u00f3n completa de la decoraci\u00f3n, desde la instalaci\u00f3n hasta el desmontaje.<\/li><li>Crea ambientes memorables que encantan a los invitados.<\/li><\/ul>\t\t\t\t\t\t\t\t<\/div>\n\t\t\t\t<\/div>\n\t\t\t\t\t<\/div>\n\t\t<\/div>\n\t\t\t\t\t<\/div>\n\t\t<\/section>\n\t\t\t\t<div class=\"elementor-element elementor-element-06974e8 sc_height_huge sc_fly_static elementor-widget elementor-widget-spacer\" data-id=\"06974e8\" data-element_type=\"widget\" data-e-type=\"widget\" data-widget_type=\"spacer.default\">\n\t\t\t\t<div class=\"elementor-widget-container\">\n\t\t\t\t\t\t\t<div class=\"elementor-spacer\">\n\t\t\t<div class=\"elementor-spacer-inner\"><\/div>\n\t\t<\/div>\n\t\t\t\t\t\t<\/div>\n\t\t\t\t<\/div>\n\t\t\t\t<div class=\"elementor-element elementor-element-eaf20b7 sc_height_huge sc_fly_static elementor-widget elementor-widget-spacer\" data-id=\"eaf20b7\" data-element_type=\"widget\" data-e-type=\"widget\" data-widget_type=\"spacer.default\">\n\t\t\t\t<div class=\"elementor-widget-container\">\n\t\t\t\t\t\t\t<div class=\"elementor-spacer\">\n\t\t\t<div class=\"elementor-spacer-inner\"><\/div>\n\t\t<\/div>\n\t\t\t\t\t\t<\/div>\n\t\t\t\t<\/div>\n\t\t\t\t\t<\/div>\n\t\t<\/div>\n\t\t\t\t\t<\/div>\n\t\t<\/section>\n\t\t\t\t<\/div>\n\t\t","protected":false},"excerpt":{"rendered":"<p>Decoraci\u00f3n Decoraci\u00f3n La decoraci\u00f3n es fundamental para crear la atm\u00f3sfera perfecta en cualquier evento. Nuestro servicio de decoraci\u00f3n de interiores y exteriores con velos, luces y flores est\u00e1 dise\u00f1ado para&hellip;<\/p>\n","protected":false},"author":1,"featured_media":0,"parent":0,"menu_order":0,"comment_status":"closed","ping_status":"closed","template":"","meta":{"footnotes":""},"class_list":["post-21701","page","type-page","status-publish","hentry"],"_links":{"self":[{"href":"https:\/\/chaletsuizo.co\/alquilersuizo\/wp-json\/wp\/v2\/pages\/21701","targetHints":{"allow":["GET"]}}],"collection":[{"href":"https:\/\/chaletsuizo.co\/alquilersuizo\/wp-json\/wp\/v2\/pages"}],"about":[{"href":"https:\/\/chaletsuizo.co\/alquilersuizo\/wp-json\/wp\/v2\/types\/page"}],"author":[{"embeddable":true,"href":"https:\/\/chaletsuizo.co\/alquilersuizo\/wp-json\/wp\/v2\/users\/1"}],"replies":[{"embeddable":true,"href":"https:\/\/chaletsuizo.co\/alquilersuizo\/wp-json\/wp\/v2\/comments?post=21701"}],"version-history":[{"count":7,"href":"https:\/\/chaletsuizo.co\/alquilersuizo\/wp-json\/wp\/v2\/pages\/21701\/revisions"}],"predecessor-version":[{"id":21715,"href":"https:\/\/chaletsuizo.co\/alquilersuizo\/wp-json\/wp\/v2\/pages\/21701\/revisions\/21715"}],"wp:attachment":[{"href":"https:\/\/chaletsuizo.co\/alquilersuizo\/wp-json\/wp\/v2\/media?parent=21701"}],"curies":[{"name":"wp","href":"https:\/\/api.w.org\/{rel}","templated":true}]}}